the prime factors of 8210?
2, 5, 821
What are the prime factors of 18323?
73, 251
What are the prime factors of 8744?
2, 1093
List the prime factors of 6439.
47, 137
What are the prime factors of 124567?
124567
What are the prime factors of 21449?
89, 241
List the prime factors of 1104.
2, 3, 23
What are the prime factors of 3961?
17, 233
List the prime factors of 10619.
7, 37, 41
What are the prime factors of 57617?
7, 8231
What are the prime factors of 36324?
2, 3, 1009
List the prime factors of 2064.
2, 3, 43
List the prime factors of 665.
5, 7, 19
What are the prime factors of 48699?
3, 7, 773
List the prime factors of 32734.
2, 13, 1259
List the prime factors of 58362.
2, 3, 71, 137
List the prime factors of 64155.
3, 5, 7, 13, 47
List the prime factors of 1445.
5, 17
List the prime factors of 1100.
2, 5, 11
What are the prime factors of 50222?
2, 25111
List the prime factors of 25530.
2, 3, 5, 23, 37
What are the prime factors of 9130?
2, 5, 11, 83
List the prime factors of 127.
127
What are the prime factors of 98351?
11, 8941
What are the prime factors of 34619?
13, 2663
List the prime factors of 2893.
11, 263
List the prime factors of 7347.
3, 31, 79
List the prime factors of 3755.
5, 751
What are the prime factors of 178394?
2, 191, 467
List the prime factors of 3045.
3, 5, 7, 29
What are the prime factors of 64649?
13, 4973
List the prime factors of 8265.
3, 5, 19, 29
What are the prime factors of 5045?
5, 1009
List the prime factors of 638.
2, 11, 29
List the prime factors of 42172.
2, 13, 811
List the prime factors of 207.
3, 23
What are the prime factors of 315?
3, 5, 7
What are the prime factors of 1599?
3, 13, 41
What are the prime factors of 2044?
2, 7, 73
List the prime factors of 82504.
2, 10313
List the prime factors of 1850.
2, 5, 37
List the prime factors of 84706.
2, 41, 1033
What are the prime factors of 18890?
2, 5, 1889
List the prime factors of 2931.
3, 977
What are the prime factors of 10775?
5, 431
What are the prime factors of 4082?
2, 13, 157
What are the prime factors of 127896?
2, 3, 73
What are the prime factors of 677?
677
List the prime factors of 669.
3, 223
What are the prime factors of 153433?
7, 23, 953
List the prime factors of 22686.
2, 3, 19, 199
What are the prime factors of 1644?
2, 3, 137
What are the prime factors of 80?
2, 5
List the prime factors of 3662.
2, 1831
List the prime factors of 283.
283
What are the prime factors of 4719?
3, 11, 13
What are the prime factors of 1128?
2, 3, 47
What are the prime factors of 5098?
2, 2549
List the prime factors of 3861.
3, 11, 13
List the prime factors of 27310.
2, 5, 2731
List the prime factors of 43143.
3, 73, 197
List the prime factors of 15148.
2, 7, 541
What are the prime factors of 40403?
11, 3673
What are the prime factors of 8873?
19, 467
List the prime factors of 43207.
43207
List the prime factors of 188716.
2, 11, 4289
What are the prime factors of 4298?
2, 7, 307
What are the prime factors of 6031?
37, 163
What are the prime factors of 25296?
2, 3, 17, 31
List the prime factors of 461.
461
What are the prime factors of 2248?
2, 281
What are the prime factors of 1540?
2, 5, 7, 11
List the prime factors of 14009.
14009
What are the prime factors of 9812?
2, 11, 223
What are the prime factors of 156552?
2, 3, 11, 593
List the prime factors of 17726.
2, 8863
List the prime factors of 1501.
19, 79
List the prime factors of 59.
59
List the prime factors of 39388.
2, 43, 229
What are the prime factors of 3983?
7, 569
What are the prime factors of 1501?
19, 79
List the prime factors of 26727.
3, 59, 151
List the prime factors of 6310.
2, 5, 631
List the prime factors of 62541.
3, 6949
List the prime factors of 4294.
2, 19, 113
What are the prime factors of 3166?
2, 1583
List the prime factors of 37033.
29, 1277
List the prime factors of 22001.
7, 449
List the prime factors of 1001.
7, 11, 13
What are the prime factors of 42755?
5, 17, 503
What are the prime factors of 1615?
5, 17, 19
List the prime factors of 5733.
3, 7, 13
List the prime factors of 18555.
3, 5, 1237
List the prime factors of 886.
2, 443
List the prime factors of 910.
2, 5, 7, 13
What are the prime factors of 7090?
2, 5, 709
List the prime factors of 73934.
2, 7, 5281
What are the prime factors of 2170?
2, 5, 7, 31
List the prime factors of 975.
3, 5, 13
What are the prime factors of 42823?
11, 17, 229
What are the prime factors of 83451?
3, 27817
List the prime factors of 12547.
12547
What are the prime factors of 8957?
13, 53
List the prime factors of 699.
3, 233
What are the prime factors of 344?
2, 43
List the prime factors of 2378.
2, 29, 41
List the prime factors of 48138.
2, 3, 71, 113
List the prime factors of 7147.
7, 1021
What are the prime factors of 8093?
8093
List the prime factors of 426.
2, 3, 71
What are the prime factors of 6216?
2, 3, 7, 37
What are the prime factors of 72171?
3, 11
List the prime factors of 334.
2, 167
What are the prime factors of 1275?
3, 5, 17
List the prime factors of 1447.
1447
List the prime factors of 1474.
2, 11, 67
List the prime factors of 91044.
2, 3, 281
List the prime factors of 164802.
2, 3, 11, 227
What are the prime factors of 7192?
2, 29, 31
What are the prime factors of 12447?
3, 461
What are the prime factors of 132664?
2, 7, 23, 103
List the prime factors of 16106.
2, 8053
List the prime factors of 1513.
17, 89
What are the prime factors of 8492?
2, 11, 193
What are the prime factors of 261?
3, 29
What are the prime factors of 52832?
2, 13, 127
List the prime factors of 4929.
3, 31, 53
List the prime factors of 973.
7, 139
List the prime factors of 2191.
7, 313
List the prime factors of 569.
569
List the prime factors of 250.
2, 5
What are the prime factors of 6269?
6269
List the prime factors of 771.
3, 257
What are the prime factors of 38082?
2, 3, 11, 577
List the prime factors of 188597.
113, 1669
List the prime factors of 10016.
2, 313
What are the prime factors of 25277?
7, 23, 157
What are the prime factors of 2187?
3
What are the prime factors of 60710?
2, 5, 13, 467
List the prime factors of 68360.
2, 5, 1709
List the prime factors of 5894.
2, 7, 421
List the prime factors of 221.
13, 17
List the prime factors of 1977.
3, 659
List the prime factors of 34763.
34763
What are the prime factors of 1205?
5, 241
List the prime factors of 386.
2, 193
What are the prime factors of 3406?
2, 13, 131
What are the prime factors of 4287?
3, 1429
What are the prime factors of 2006?
2, 17, 59
What are the prime factors of 2824?
2, 353
What are the prime factors of 3582?
2, 3, 199
What are the prime factors of 2757?
3, 919
List the prime factors of 2400.
2, 3, 5
List the prime factors of 975.
3, 5, 13
What are the prime factors of 7297?
7297
What are the prime factors of 1916?
2, 479
List the prime factors of 3316.
2, 829
What are the prime factors of 146663?
11, 67, 199
List the prime factors of 17749.
17749
List the prime factors of 5439.
3, 7, 37
What are the prime factors of 15930?
2, 3, 5, 59
List the prime factors of 97.
97
What are the prime factors of 3134?
2, 1567
What are the prime factors of 1115?
5, 223
List the prime factors of 7389.
3, 821
List the prime factors of 8262.
2, 3, 17
What are the prime factors of 61032?
2, 3, 2543
List the prime factors of 185.
5, 37
What are the prime factors of 1374?
2, 3, 229
List the prime factors of 34230.
2, 3, 5, 7, 163
What are the prime factors of 2732?
2, 683
List the prime factors of 6904.
2, 863
List the prime factors of 5967.
3, 13, 17
What are the prime factors of 2847?
3, 13, 73
List the prime factors of 53605.
5, 71, 151
List the prime factors of 500.
2, 5
What are the prime factors of 16382?
2, 8191
List the prime factors of 3478.
2, 37, 47
List the prime factors of 60776.
2, 71, 107
What are the prime factors of 129353?
7, 17, 1087
List the prime factors of 65778.
2, 3, 19, 577
What are the prime factors of 893?
19, 47
List the prime factors of 10241.
7, 11, 19
What are the prime factors of 3235?
5, 647
What are the prime factors of 278?
2, 139
List the prime factors of 275.
5, 11
List the prime factors of 4639.
4639
List the prime factors of 6473.
6473
List the prime factors of 6732.
2, 3, 11, 17
What are the prime factors of 26262?
2, 3, 1459
List the prime factors of